 -89. Let t(u) = 5*u**3 - u**2. Suppose 3*g = 12 - 9. Let l be t(g). Calculate the greatest common factor of l and v.
4
Let n = -95 + 134. Let p = 59 - -253. What is the greatest common factor of p and n?
39
Suppose -29808 = 83*s - 106*s. What is the greatest common divisor of s and 81?
81
Suppose -s + 3 = 0, -3*p - 473 = -5*p - 3*s. Suppose 13*c + p = 17*c. Calculate the highest common divisor of c and 145.
29
Suppose -17*a = 4*a - 1722. What is the highest common divisor of 246 and a?
82
Suppose 0 + 35 = 5*c. Suppose -c*h + 64 = -6*h. Suppose h = 3*o - 2. Calculate the highest common factor of o and 11.
11
Let j(l) = l**2 + 39*l - 118. Let f be j(12). Calculate the greatest common divisor of 130 and f.
26
Let b(g) = -g + 11. Suppose 0 = 7*x + x. Let f be b(x). What is the highest common divisor of 99 and f?
11
Suppose -2*k = v - 0*v - 128, 4*k + 4*v - 256 = 0. Let d = -44 + k. Calculate the greatest common factor of 50 and d.
10
Let r be (48/(-4))/3 - -5. Let k be (-2 + r)*(0 - 1). Let w be ((-1)/(-2))/((-2)/(-4)). Calculate the highest common factor of w and k.
1
Suppose -3*y + 2 = -2*y. Suppose -5 = v - y*v. Suppose -5*u - 2*k = -7*u + 92, 5*u - k = 226. Calculate the highest common divisor of u and v.
5
Let v = -228 - -388. Suppose -13*h + 18*h - v = 0. What is the highest common factor of h and 4?
4
Suppose -67*d + 177683 + 82478 = 0. What is the greatest common divisor of 11 and d?
11
Let r = 208 + -110. Calculate the highest common divisor of r and 147.
49
Suppose -4*t = -11 + 3. Suppose 5*r = -c + 49, -3*r - c - t = -33. Let v = 34 + 11. What is the greatest common divisor of r and v?
9
Suppose k - 6*k + 15 = 0. Let h = 24 - k. What is the highest common factor of 3 and h?
3
Let v = -15 + 17. Suppose 2 = v*j, -m - 5*j + 4 = -6. Let p be (-25)/5*(-6)/m. Calculate the highest common divisor of 3 and p.
3
Let x(h) = -2*h**3 + 11*h**2 + 8*h - 9. Let a be x(6). Let n = a + -7. Let f(y) = -21*y + 12. Let r be f(n). What is the greatest common divisor of r and 24?
24
Let n be (-44)/33 - -31*6/18. Let v = -6 + 15. Calculate the highest common factor of n and v.
9
Let b(u) = -645*u + 675. Let g be b(1). Let j = 25 - 5. Calculate the greatest common divisor of j and g.
10
Let p = -272 + 293. What is the highest common factor of 84 and p?
21
Let l be (60/9)/5 - 550/(-33). Calculate the highest common factor of l and 318.
6
Let k = -29 + 33. Suppose k*i + 38 = 6*i. Calculate the greatest common factor of 152 and i.
19
Suppose 0 = -2*g + 4*x + 30, -2*x = -2*g + 25 + 9. Calculate the highest common divisor of 817 and g.
19
Suppose 81 = -5*x + 1056. Let j = x - 128. Suppose -325 = -5*o + 5*g, o - 2*g = -0*o + j. What is the greatest common factor of 21 and o?
21
Let z be 6916/(-104)*8/(-14). Calculate the greatest common factor of z and 608.
38
Let j be (37 - 2/1)*5. What is the greatest common divisor of 63 and j?
7
Let y = -352 - -598. Calculate the greatest common factor of 30 and y.
6
Let k = 143 - 83. Calculate the greatest common divisor of 40 and k.
20
Let g = 35 - 69. Let h = g + 59. Let n = 45 - h. What is the highest common factor of 8 and n?
4
Suppose n = -3*k + 34 + 15, -2*k = -3*n + 147. Let t = 75 - n. Calculate the highest common factor of 169 and t.
13
Let t be ((-5355)/(-425) + 2/5)*11. Let z be ((-13)/4)/((-1)/4). Calculate the highest common factor of z and t.
13
Let a(f) = 2*f**3 + 35*f**2 - 70*f + 4. Let v be a(2). Let y = 123 + 17. Calculate the greatest common factor of y and v.
20
Let m be -44*7/(49/(-7)). Calculate the highest common divisor of m and 198.
22
Let t be (-1)/(-2) + 51/6. Suppose -t*f = -8*f - 4. Suppose -6 = -f*z - 2*k, 4*z - 8*z + 41 = -5*k. Calculate the highest common divisor of z and 2.
2
Let s(z) = -z**2 - 23*z - 24. Let l be s(-18). Calculate the highest common factor of 264 and l.
66
Let h = 247 + -203. Calculate the greatest common divisor of h and 1694.
22
Let h(v) = -7*v**2 + 11*v + 15*v**2 + 3*v**3 + v**3 - 5*v**3. Let m be h(9). What is the highest common factor of 36 and m?
18
Let r(m) = -m**2 + 10*m. Let j be r(6). Let d be (-217)/(-3) - (-8)/12. Let q = d - 49. What is the greatest common divisor of q and j?
24
Let v = 16 + 2. Let i be v/10*20/3. Suppose -4*w - 16 = 0, 2*p + w = -2*p + i. What is the highest common divisor of 28 and p?
4
Let o be (1/3)/((-5)/(-90)). Let j be 10/(-2)*(o + -35). Suppose -5*p + j = -0*p. What is the highest common factor of 29 and p?
29
Suppose 0 = 5*t + 51*h - 50*h - 5, 4*t + 2*h = 4. Calculate the greatest common factor of 23 and t.
1
Let q(u) = -44*u + 30. Let n be q(0). Let r be (1 - -1) + -1 + 19. Calculate the highest common factor of n and r.
10
Suppose -4*y + 9*y = 2*v - 25, 3*v - 44 = y. Let h = 16 - v. Let q be -1 - 2*(-39)/h. Calculate the highest common divisor of q and 11.
11
Suppose -3*m + 371 = 5*r, -41 - 29 = -r - 2*m. Suppose -418 = -39*p + 17*p. What is the highest common factor of p and r?
19
Let f be 167 + ((-32)/2)/(-4). Let a = 2 - 2. Suppose a = -5*c + 4 + 91. Calculate the highest common divisor of f and c.
19
Let d(v) = 4*v**2 + 4*v - 1. Let g be d(4). Let s = g - 19. Calculate the highest common factor of 40 and s.
20
Let q = -3 - -6. Suppose -3*v = d + 2*v + 4, q*d = 5*v + 28. Let s be (-105)/(-28) + ((-2)/(-8))/1. What is the highest common divisor of s and d?
2
Let m(g) = 629*g**2 - 2. Let j be m(-2). Suppose -5*h + 6*l + j = 2*l, 0 = 3*h + 4*l - 1534. Calculate the greatest common divisor of h and 46.
46
Suppose -3*j - 5*i + 131 = 0, -2*i - 16 = -3*j + 108. Suppose -2*z - 11 - 9 = -d, -5*z = -d + 8. Calculate the highest common divisor of d and j.
14
Suppose 325 = -606*o + 611*o. What is the highest common divisor of o and 169?
13
Suppose -c - 28 = -5*c + 2*f, -5*c + 3*f = -35. What is the greatest common factor of c and 847?
7
Let o(v) = -7*v + 59. Let w be o(-19). Calculate the highest common divisor of w and 3.
3
Suppose 2*s - 1940 = 4*r, -s + 208*r = 211*r - 950. Calculate the highest common factor of s and 111.
37
Let g(c) = 6*c**2 - c - 1. Let n be g(-2). Suppose -5*h = 3*d + d - 130, n = 5*d. What is the greatest common factor of 176 and h?
22
Suppose z = 1 + 4. Let p be 124/(-1 + z + -2). Let s = 183 - p. Calculate the greatest common divisor of 11 and s.
11
Let q = 1 + -5. Let t(p) = -p**3 - 4*p**2 - 4*p - 2. Let x be t(q). Let j = -427 - -539. Calculate the highest common factor of j and x.
14
Suppose -39*p + 10*p + 3045 = 0. Calculate the highest common factor of p and 45.
15
Let x = 18 - 1. Suppose 0 = -4*q + 2*r + 26, 3*q + r = x. Suppose -q*i + 2*i + 72 = 0. Calculate the highest common factor of i and 108.
18
Let l = -79 + 44. Let s be ((-27)/(-15) - 3)*l. Let w be 4/(-6) - 573/(-9). Calculate the greatest common factor of s and w.
21
Let p = -222 + 294. Let m = -1 + 1. Suppose -5*k + 51 + 37 = -2*j, m = 5*k + 5*j - 95. What is the greatest common divisor of k and p?
18
Let i(p) = 8*p**2 - 10*p - 5. Let h be i(3). Let t = -5 + h. What is the greatest common factor of t and 48?
16
Suppose h = 5*d - 181, -3*d + 142 = -h + 35. Suppose 3*v - 32 = d. Calculate the greatest common divisor of v and 115.
23
Suppose -3*r = p - 138, -r + 290 = 5*p - 330. Suppose 6*q + 3*n = 2*q + p, -4*q = 2*n - 126. What is the greatest common factor of 99 and q?
33
Suppose 4*h - 112 - 16 = 0. Let c(d) = -8*d**3 + 2*d**2 + 7*d + 5. Let f be c(-1). What is the highest common factor of f and h?
8
Let p be 0 + (-3 - -3 - -2). Let n be (p - 3)/((-3)/12). Suppose n*c - 4*m - 77 = 107, 3*m + 183 = 4*c. Calculate the greatest common factor of 9 and c.
9
Suppose 4*j = s - 195, 5*j = 5*s + 3*j - 1011. Suppose 5*h - s = 4*h. What is the highest common factor of 29 and h?
29
Suppose -o + 10 - 2 = 0. Let d(f) = f + 21. Let g = -25 + 28. Let a be d(g). What is the greatest common divisor of o and a?
8
Let i = -36 + 64. Let r be 1224/i + (-2)/(-7). Let n = 11 + 0. Calculate the highest common factor of r and n.
11
Let n(f) = -f + 11. Let j be n(4). Let o be 7/(2/11 - 18/(-22)). What is the highest common divisor of o and j?
7
Let s = 147 + -125. Suppose -5*z + 174 = -266. Calculate the greatest common factor of z and s.
22
Suppose 3*m = -5*m - 80. Let k be (-227)/(-5) + 4/m. Calculate the greatest common factor of 9 and k.
9
Let r be (-8)/(105/(-100) + 1).